 38956?
9
What is the tens digit of 57302?
0
What is the units digit of 797?
7
What is the hundreds digit of 684?
6
What is the units digit of 14902?
2
What is the tens digit of 1938?
3
What is the hundreds digit of 725?
7
What is the thousands digit of 15279?
5
What is the ten thousands digit of 161998?
6
What is the hundreds digit of 14553?
5
What is the hundreds digit of 63497?
4
What is the units digit of 85?
5
What is the hundreds digit of 513?
5
What is the thousands digit of 1167?
1
What is the hundreds digit of 717?
7
What is the units digit of 11598?
8
What is the units digit of 6744?
4
What is the tens digit of 207?
0
What is the tens digit of 12704?
0
What is the ten thousands digit of 14754?
1
What is the hundreds digit of 5724?
7
What is the tens digit of 4649?
4
What is the tens digit of 78193?
9
What is the hundreds digit of 6027?
0
What is the tens digit of 1683?
8
What is the units digit of 67188?
8
What is the units digit of 1823?
3
What is the hundreds digit of 2619?
6
What is the tens digit of 26815?
1
What is the tens digit of 63220?
2
What is the tens digit of 1384?
8
What is the hundreds digit of 35541?
5
What is the thousands digit of 2656?
2
What is the hundreds digit of 4580?
5
What is the thousands digit of 19739?
9
What is the units digit of 1380?
0
What is the thousands digit of 52282?
2
What is the hundreds digit of 1440?
4
What is the units digit of 4749?
9
What is the thousands digit of 29473?
9
What is the tens digit of 1993?
9
What is the hundreds digit of 10046?
0
What is the units digit of 1215?
5
What is the hundreds digit of 1271?
2
What is the hundreds digit of 29879?
8
What is the tens digit of 7790?
9
What is the tens digit of 1486?
8
What is the thousands digit of 1095?
1
What is the ten thousands digit of 64768?
6
What is the units digit of 1724?
4
What is the thousands digit of 31585?
1
What is the tens digit of 2136?
3
What is the thousands digit of 81566?
1
What is the units digit of 7476?
6
What is the thousands digit of 1647?
1
What is the hundreds digit of 922?
9
What is the thousands digit of 10224?
0
What is the ten thousands digit of 11662?
1
What is the units digit of 9595?
5
What is the hundreds digit of 1377?
3
What is the units digit of 17923?
3
What is the tens digit of 6516?
1
What is the units digit of 70?
0
What is the thousands digit of 1073?
1
What is the tens digit of 81180?
8
What is the tens digit of 4075?
7
What is the hundreds digit of 19754?
7
What is the thousands digit of 13595?
3
What is the thousands digit of 3230?
3
What is the tens digit of 1041?
4
What is the tens digit of 470?
7
What is the ten thousands digit of 29144?
2
What is the units digit of 829?
9
What is the hundreds digit of 1538?
5
What is the units digit of 2112?
2
What is the units digit of 1988?
8
What is the thousands digit of 108678?
8
What is the thousands digit of 6984?
6
What is the units digit of 1196?
6
What is the tens digit of 66953?
5
What is the thousands digit of 1193?
1
What is the hundreds digit of 1631?
6
What is the hundreds digit of 78420?
4
What is the tens digit of 306?
0
What is the tens digit of 222?
2
What is the units digit of 50086?
6
What is the units digit of 11540?
0
What is the ten thousands digit of 121037?
2
What is the hundreds digit of 275?
2
What is the thousands digit of 3529?
3
What is the units digit of 524?
4
What is the hundreds digit of 1538?
5
What is the hundreds digit of 117046?
0
What is the thousands digit of 41461?
1
What is the hundreds digit of 2956?
9
What is the tens digit of 925?
2
What is the hundreds digit of 6442?
4
What is the tens digit of 101?
0
What is the thousands digit of 63172?
3
What is the units digit of 19704?
4
What is the hundreds digit of 27433?
4
What is the tens digit of 2741?
4
What is the tens digit of 1843?
4
What is the hundreds digit of 6482?
4
What is the units digit of 334?
4
What is the units digit of 24949?
9
What is the hundreds digit of 2279?
2
What is the hundreds digit of 11096?
0
What is the tens digit of 35310?
1
What is the units digit of 925?
5
What is the tens digit of 18?
1
What is the units digit of 2164?
4
What is the hundreds digit of 546?
5
What is the units digit of 1903?
3
What is the hundreds digit of 2558?
5
What is the units digit of 1918?
8
What is the tens digit of 19177?
7
What is the tens digit of 1234?
3
What is the hundreds digit of 1446?
4
What is the hundreds digit of 1261?
2
What is the units digit of 9632?
2
What is the thousands digit of 66601?
6
What is the units digit of 1062?
2
What is the hundreds digit of 4715?
7
What is the tens digit of 11931?
3
What is the hundreds digit of 842?
8
What is the hundreds digit of 1262?
2
What is the tens digit of 17584?
8
What is the units digit of 231?
1
What is the thousands digit of 2509?
2
What is the tens digit of 5462?
6
What is the hundreds digit of 38133?
1
What is the units digit of 8?
8
What is the units digit of 1341?
1
What is the tens digit of 364?
6
What is the hundreds digit of 736?
7
What is the units digit of 578?
8
What is the tens digit of 429?
2
What is the hundreds digit of 2793?
7
What is the thousands digit of 32688?
2
What is the hundreds digit of 26674?
6
What is the tens digit of 99484?
8
What is the tens digit of 1662?
6
What is the units digit of 1911?
1
What is the ten thousands digit of 49705?
4
What is the thousands digit of 8210?
8
What is the hundreds digit of 15152?
1
What is the tens digit of 310?
1
What is the units digit of 68273?
3
What is the hundreds digit of 10495?
4
What is the hundreds digit of 637?
6
What is the thousands digit of 1029?
1
What is the hundreds digit of 52707?
7
What is the tens digit of 2046?
4
What is the units digit of 35259?
9
What is the tens digit of 92634?
3
What is the thousands digit of 10957?
0
What is the units digit of 10412?
2
What is the tens digit of 3122?
2
What is the units digit of 4634?
4
What is the hundreds digit of 1280?
2
What is the units digit of 7789?
9
What is the tens digit of 8341?
4
What is the units digit of 171?
1
What is the tens digit of 47169?
6
What is the ten thousands digit of 22063?
2
What is the units digit of 1056?
6
What is the ten thousands digit of 12025?
1
What is the hundreds digit of 1574?
5
What is the tens digit of 90?
9
What is the hundreds digit of 111171?
1
What is the hundreds digit of 14847?
8
What is the tens digit of 680?
8
What is the units digit of 1794?
4
What is the thousands digit of 30601?
0
What is the thousands digit of 7306?
7
What is the tens digit of 7354?
5
What is the tens digit of 143266?
6
What is the hundreds digit of 11234?
2
What is the tens digit of 9265?
6
What is the units digit of 1439?
9
What is the hundreds digit of 1003?
0
What is the ten thousands digit of 106809?
0
What is the tens digit of 1049?
4
What is the hundreds digit of 2654?
6
What is the ten thousands digit of 40086?
4
What is the hundreds digit of 7453?
4
What is the hundreds digit of 10324?
3
What is the units digit of 28203?
3
What is the thousands digit of 5046?
5
What is the units digit of 47920?
0
What is the hundreds digit of 15349?
3
What is the hundreds digit of 10185?
1
What is the hundreds digit of 2522?
5
What is the tens digit of 741?
4
What is the thousands digit of 76524?
6
What is the thousands digit of 11187?
1
What is the ten thousands digit of 22502?
2
What is the hundreds digit of 23835?
8
What is the tens digit of 28292?
9
What is the hundreds digit of 884?
8
What is the tens digit of 1518?
1
What is the units digit of 3215?
5
What is the hundred thousands digit of 155940?
1
What is the thousands digit of 2809?
2
What is the tens digit of 38565?
6
What is the units digit of 199?
9
What is the hundreds digit of 1521?
5
What is the units digit of 4915?
5
What is the thousands digit of 2336?
2
What is the thousands digit of 1027?
1
What is the units digit of 528?
8
What is the tens digit of 4364?
6
What is the units digit of 342?
2
What is the tens digit of 66049?
4
What is the thousands digit of 1236?
1
What is the ten thousands digit of 73466?
7
What is the thousands digit of 5259?
5
What is the ten thousands digit of 18366?
1
What is the tens digit of 467?
6
What is the tens digit of 459?
5
What is the tens digit of 56285?
8
What is the